{"id":944,"date":"2020-11-09T11:54:05","date_gmt":"2020-11-09T10:54:05","guid":{"rendered":"https:\/\/itrop.ird.fr\/wordpress\/?page_id=944"},"modified":"2022-04-06T14:48:55","modified_gmt":"2022-04-06T12:48:55","slug":"trainings-2019-admin-hpc-module-2-utilisation-des-modules","status":"publish","type":"page","link":"https:\/\/bioinfo.ird.fr\/index.php\/trainings-fr\/trainings-2019-admin-hpc-module-2\/trainings-2019-admin-hpc-module-2-utilisation-des-modules\/","title":{"rendered":"Trainings 2019 &#8211; Admin HPC &#8211; module 2 &#8211; utilisation des modules"},"content":{"rendered":"<h2>Utilisation des modules Environnement avec des conteneurs Singularity<\/h2>\n<table>\n<thead>\n<tr>\n<th style=\"text-align: left;\">Description<\/th>\n<th style=\"text-align: left;\">Utiliser des modules Environnement avec des conteneurs Singularity<\/th>\n<\/tr>\n<\/thead>\n<tbody>\n<tr>\n<td style=\"text-align: left;\">Cours li\u00e9<\/td>\n<td style=\"text-align: left;\"><a href=\"https:\/\/itrop.ird.fr\/wordpress\/index.php\/trainings-2019-admin-hpc-module-2\/\">HPC Administration Module2<\/a><\/td>\n<\/tr>\n<tr>\n<td style=\"text-align: left;\">Auteur<\/td>\n<td style=\"text-align: left;\">Ndomassi TANDO (ndomassi.tando@ird.fr)<\/td>\n<\/tr>\n<tr>\n<td style=\"text-align: left;\">Date de cr\u00e9ation<\/td>\n<td style=\"text-align: left;\">27\/09\/2019<\/td>\n<\/tr>\n<tr>\n<td style=\"text-align: left;\">Date de modification<\/td>\n<td style=\"text-align: left;\">27\/09\/2019<\/td>\n<\/tr>\n<\/tbody>\n<\/table>\n<hr \/>\n<h3>Summary<\/h3>\n<p><!-- TOC depthFrom:2 depthTo:2 withLinks:1 updateOnSave:1 orderedList:0 --><\/p>\n<ul>\n<li><a href=\"#part-1\">Objectifs<\/a><\/li>\n<li><a href=\"#part-2\">Cr\u00e9er son modulefile<\/a><\/li>\n<li><a href=\"#part-3\">Charger le module environment pour lancer des commandes depuis un Conteneur Singularity <\/a><\/li>\n<li><a href=\"#links\">Links<\/a><\/li>\n<li><a href=\"#license\">License<\/a><\/li>\n<\/ul>\n<hr \/>\n<p><a name=\"part-1\"><\/a><\/p>\n<h2>Objectifs<\/h2>\n<p>La cr\u00e9ation d'un modulefile va nous permettre de cr\u00e9er des alias de commandes pour lancer des <code>singularity run<\/code> ou des <code>singularity exec<\/code>.<\/p>\n<p>Ainsi, les utilisateurs ne se rendront pas compte qu'ils utilisent un conteneur Singularity et cela facilitera l'installation des logiciels pour les administrateurs syst\u00e8mes. <\/p>\n<hr \/>\n<p><a name=\"part-2\"><\/a><\/p>\n<h2>Cr\u00e9er son modulefile:<\/h2>\n<p>Comme vu au Module1: <a href=\"https:\/\/southgreenplatform.github.io\/trainings\/hpc\/installationmodule\/#part-5\">https:\/\/southgreenplatform.github.io\/trainings\/hpc\/installationmodule\/#part-5<\/a><\/p>\n<p>Nous pouvons cr\u00e9er nos propres environnements logiciels en cr\u00e9ant des modulefiles.<\/p>\n<p>Pour utiliser les conteneurs singularity dans ces modulefiles, nous allons cr\u00e9er un modulefile classique et c\u00e9re des alias de commandes singularity avec le mot cl\u00e9 set-alias<\/p>\n<p>Par exemple si l'on veut utiliser le conteneur singularity <code>bwa-0.7.17.simg<\/code> cr\u00e9\u00e9 pr\u00e9c\u00e9demment, on va cr\u00e9er un modulefile de ce type:<\/p>\n<pre><code>#%Module1.0#####################################################################\n##\n## modules modulefile\n##\n## modulefiles\/modules.  Generated from modules.in by configure.\n##\nproc ModulesHelp { } {\n        global version modroot\n        puts stderr &quot;module [module-info name]&quot;\n}\nmodule-whatis   &quot;load the module [module-info name]\nBWA is a program for aligning sequencing reads against a large reference genome (e.g. human genome)\nUse the bwa-0.7.17.simg singularity container&quot;\nconflict bwa\n# On charge le module singularity    \nmodule load system\/singularity\/2.4\n# for Tcl script use only\nset     version         0.7.17\n# on pr\u00e9ciser comme r\u00e9pertoire de travail l&#039;endroit o\u00f9 sont stock\u00e9s les conteneurs\nset     topdir          \/usr\/local\/singularity\/conteneurs\/\nset-alias bwa &quot;singularity run $topdir\/bwa-0.7.17.simg &quot;<\/code><\/pre>\n<hr \/>\n<p><a name=\"part-3\"><\/a><\/p>\n<h2>Charger le module environment pour lancer des commandes depuis un Conteneur Singularity :<\/h2>\n<p>Une fois le modulefile cr\u00e9er avec l'alias de commande, il suffit de le charger avec la commande<\/p>\n<pre><code>$ module load logiciel\/version<\/code><\/pre>\n<p>Puis de lancer l'alias de la commande.<\/p>\n<p>Par exemple pour lancer un bwa, on charge l'envrionnement<\/p>\n<pre><code>$ module load bwa\/0.7.17<\/code><\/pre>\n<p>Puis on lance le bwa:<\/p>\n<pre><code>$ bwa + argument<\/code><\/pre>\n<p>La commande lanc\u00e9e est en fait:<\/p>\n<pre><code>$ singularity run \/usr\/local\/singularity\/conteneurs\/bwa-0.7.17.simg + argument<\/code><\/pre>\n<hr \/>\n<h3>Links<\/h3>\n<p><a name=\"links\"><\/a><\/p>\n<ul>\n<li>Cours li\u00e9s : <a href=\"https:\/\/itrop.ird.fr\/wordpress\/index.php\/trainings-2019-hpc\/\">HPC Trainings<\/a><\/li>\n<\/ul>\n<hr \/>\n<h3>License<\/h3>\n<p><a name=\"license\"><\/a><\/p>\n<div>\nThe resource material is licensed under the Creative Commons Attribution 4.0 International License (<a href=\"http:\/\/creativecommons.org\/licenses\/by-nc-sa\/4.0\/\">here<\/a>).<br \/>\n<center><img decoding=\"async\" width=\"25%\" class=\"img-responsive\" src=\"http:\/\/creativecommons.org.nz\/wp-content\/uploads\/2012\/05\/by-nc-sa1.png\"\/><br \/>\n<\/center>\n<\/div>\n","protected":false},"excerpt":{"rendered":"<p>Utilisation des modules Environnement avec des conteneurs Singularity Description Utiliser des modules Environnement avec des conteneurs Singularity Cours li\u00e9 HPC&hellip; <br \/> <a class=\"read-more\" href=\"https:\/\/bioinfo.ird.fr\/index.php\/trainings-fr\/trainings-2019-admin-hpc-module-2\/trainings-2019-admin-hpc-module-2-utilisation-des-modules\/\">Lire la suite<\/a><\/p>\n","protected":false},"author":1,"featured_media":0,"parent":928,"menu_order":0,"comment_status":"closed","ping_status":"closed","template":"","meta":{"inline_featured_image":false,"footnotes":""},"class_list":["post-944","page","type-page","status-publish","hentry"],"yoast_head":"<!-- This site is optimized with the Yoast SEO plugin v24.2 - https:\/\/yoast.com\/wordpress\/plugins\/seo\/ -->\n<title>Trainings 2019 - Admin HPC - module 2 - utilisation des modules - itrop<\/title>\n<meta name=\"robots\" content=\"index, follow, max-snippet:-1, max-image-preview:large, max-video-preview:-1\" \/>\n<link rel=\"canonical\" href=\"https:\/\/bioinfo.ird.fr\/index.php\/trainings-fr\/trainings-2019-admin-hpc-module-2\/trainings-2019-admin-hpc-module-2-utilisation-des-modules\/\" \/>\n<meta property=\"og:locale\" content=\"fr_FR\" \/>\n<meta property=\"og:type\" content=\"article\" \/>\n<meta property=\"og:title\" content=\"Trainings 2019 - Admin HPC - module 2 - utilisation des modules - itrop\" \/>\n<meta property=\"og:description\" content=\"Utilisation des modules Environnement avec des conteneurs Singularity Description Utiliser des modules Environnement avec des conteneurs Singularity Cours li\u00e9 HPC&hellip; Lire la suite\" \/>\n<meta property=\"og:url\" content=\"https:\/\/bioinfo.ird.fr\/index.php\/trainings-fr\/trainings-2019-admin-hpc-module-2\/trainings-2019-admin-hpc-module-2-utilisation-des-modules\/\" \/>\n<meta property=\"og:site_name\" content=\"itrop\" \/>\n<meta property=\"article:modified_time\" content=\"2022-04-06T12:48:55+00:00\" \/>\n<meta property=\"og:image\" content=\"http:\/\/creativecommons.org.nz\/wp-content\/uploads\/2012\/05\/by-nc-sa1.png\" \/>\n<meta name=\"twitter:card\" content=\"summary_large_image\" \/>\n<meta name=\"twitter:site\" content=\"@ItropBioinfo\" \/>\n<meta name=\"twitter:label1\" content=\"Dur\u00e9e de lecture estim\u00e9e\" \/>\n\t<meta name=\"twitter:data1\" content=\"2 minutes\" \/>\n<script type=\"application\/ld+json\" class=\"yoast-schema-graph\">{\"@context\":\"https:\/\/schema.org\",\"@graph\":[{\"@type\":\"WebPage\",\"@id\":\"https:\/\/bioinfo.ird.fr\/index.php\/trainings-fr\/trainings-2019-admin-hpc-module-2\/trainings-2019-admin-hpc-module-2-utilisation-des-modules\/\",\"url\":\"https:\/\/bioinfo.ird.fr\/index.php\/trainings-fr\/trainings-2019-admin-hpc-module-2\/trainings-2019-admin-hpc-module-2-utilisation-des-modules\/\",\"name\":\"Trainings 2019 - Admin HPC - module 2 - utilisation des modules - itrop\",\"isPartOf\":{\"@id\":\"https:\/\/bioinfo.ird.fr\/#website\"},\"primaryImageOfPage\":{\"@id\":\"https:\/\/bioinfo.ird.fr\/index.php\/trainings-fr\/trainings-2019-admin-hpc-module-2\/trainings-2019-admin-hpc-module-2-utilisation-des-modules\/#primaryimage\"},\"image\":{\"@id\":\"https:\/\/bioinfo.ird.fr\/index.php\/trainings-fr\/trainings-2019-admin-hpc-module-2\/trainings-2019-admin-hpc-module-2-utilisation-des-modules\/#primaryimage\"},\"thumbnailUrl\":\"http:\/\/creativecommons.org.nz\/wp-content\/uploads\/2012\/05\/by-nc-sa1.png\",\"datePublished\":\"2020-11-09T10:54:05+00:00\",\"dateModified\":\"2022-04-06T12:48:55+00:00\",\"breadcrumb\":{\"@id\":\"https:\/\/bioinfo.ird.fr\/index.php\/trainings-fr\/trainings-2019-admin-hpc-module-2\/trainings-2019-admin-hpc-module-2-utilisation-des-modules\/#breadcrumb\"},\"inLanguage\":\"fr-FR\",\"potentialAction\":[{\"@type\":\"ReadAction\",\"target\":[\"https:\/\/bioinfo.ird.fr\/index.php\/trainings-fr\/trainings-2019-admin-hpc-module-2\/trainings-2019-admin-hpc-module-2-utilisation-des-modules\/\"]}]},{\"@type\":\"ImageObject\",\"inLanguage\":\"fr-FR\",\"@id\":\"https:\/\/bioinfo.ird.fr\/index.php\/trainings-fr\/trainings-2019-admin-hpc-module-2\/trainings-2019-admin-hpc-module-2-utilisation-des-modules\/#primaryimage\",\"url\":\"http:\/\/creativecommons.org.nz\/wp-content\/uploads\/2012\/05\/by-nc-sa1.png\",\"contentUrl\":\"http:\/\/creativecommons.org.nz\/wp-content\/uploads\/2012\/05\/by-nc-sa1.png\"},{\"@type\":\"BreadcrumbList\",\"@id\":\"https:\/\/bioinfo.ird.fr\/index.php\/trainings-fr\/trainings-2019-admin-hpc-module-2\/trainings-2019-admin-hpc-module-2-utilisation-des-modules\/#breadcrumb\",\"itemListElement\":[{\"@type\":\"ListItem\",\"position\":1,\"name\":\"Accueil\",\"item\":\"https:\/\/bioinfo.ird.fr\/index.php\/en\/front-page-2\/\"},{\"@type\":\"ListItem\",\"position\":2,\"name\":\"Trainings &#8211; FR\",\"item\":\"https:\/\/bioinfo.ird.fr\/index.php\/trainings-fr\/\"},{\"@type\":\"ListItem\",\"position\":3,\"name\":\"Trainings 2019 &#8211; Admin HPC &#8211; module 2\",\"item\":\"https:\/\/bioinfo.ird.fr\/index.php\/trainings-fr\/trainings-2019-admin-hpc-module-2\/\"},{\"@type\":\"ListItem\",\"position\":4,\"name\":\"Trainings 2019 &#8211; Admin HPC &#8211; module 2 &#8211; utilisation des modules\"}]},{\"@type\":\"WebSite\",\"@id\":\"https:\/\/bioinfo.ird.fr\/#website\",\"url\":\"https:\/\/bioinfo.ird.fr\/\",\"name\":\"itrop\",\"description\":\"\",\"publisher\":{\"@id\":\"https:\/\/bioinfo.ird.fr\/#organization\"},\"potentialAction\":[{\"@type\":\"SearchAction\",\"target\":{\"@type\":\"EntryPoint\",\"urlTemplate\":\"https:\/\/bioinfo.ird.fr\/?s={search_term_string}\"},\"query-input\":{\"@type\":\"PropertyValueSpecification\",\"valueRequired\":true,\"valueName\":\"search_term_string\"}}],\"inLanguage\":\"fr-FR\"},{\"@type\":\"Organization\",\"@id\":\"https:\/\/bioinfo.ird.fr\/#organization\",\"name\":\"i-Trop\",\"url\":\"https:\/\/bioinfo.ird.fr\/\",\"logo\":{\"@type\":\"ImageObject\",\"inLanguage\":\"fr-FR\",\"@id\":\"https:\/\/bioinfo.ird.fr\/#\/schema\/logo\/image\/\",\"url\":\"https:\/\/bioinfo.ird.fr\/wp-content\/uploads\/2021\/10\/i-tropTwt5.png\",\"contentUrl\":\"https:\/\/bioinfo.ird.fr\/wp-content\/uploads\/2021\/10\/i-tropTwt5.png\",\"width\":1356,\"height\":1356,\"caption\":\"i-Trop\"},\"image\":{\"@id\":\"https:\/\/bioinfo.ird.fr\/#\/schema\/logo\/image\/\"},\"sameAs\":[\"https:\/\/x.com\/ItropBioinfo\"]}]}<\/script>\n<!-- \/ Yoast SEO plugin. -->","yoast_head_json":{"title":"Trainings 2019 - Admin HPC - module 2 - utilisation des modules - itrop","robots":{"index":"index","follow":"follow","max-snippet":"max-snippet:-1","max-image-preview":"max-image-preview:large","max-video-preview":"max-video-preview:-1"},"canonical":"https:\/\/bioinfo.ird.fr\/index.php\/trainings-fr\/trainings-2019-admin-hpc-module-2\/trainings-2019-admin-hpc-module-2-utilisation-des-modules\/","og_locale":"fr_FR","og_type":"article","og_title":"Trainings 2019 - Admin HPC - module 2 - utilisation des modules - itrop","og_description":"Utilisation des modules Environnement avec des conteneurs Singularity Description Utiliser des modules Environnement avec des conteneurs Singularity Cours li\u00e9 HPC&hellip; Lire la suite","og_url":"https:\/\/bioinfo.ird.fr\/index.php\/trainings-fr\/trainings-2019-admin-hpc-module-2\/trainings-2019-admin-hpc-module-2-utilisation-des-modules\/","og_site_name":"itrop","article_modified_time":"2022-04-06T12:48:55+00:00","og_image":[{"url":"http:\/\/creativecommons.org.nz\/wp-content\/uploads\/2012\/05\/by-nc-sa1.png","type":"","width":"","height":""}],"twitter_card":"summary_large_image","twitter_site":"@ItropBioinfo","twitter_misc":{"Dur\u00e9e de lecture estim\u00e9e":"2 minutes"},"schema":{"@context":"https:\/\/schema.org","@graph":[{"@type":"WebPage","@id":"https:\/\/bioinfo.ird.fr\/index.php\/trainings-fr\/trainings-2019-admin-hpc-module-2\/trainings-2019-admin-hpc-module-2-utilisation-des-modules\/","url":"https:\/\/bioinfo.ird.fr\/index.php\/trainings-fr\/trainings-2019-admin-hpc-module-2\/trainings-2019-admin-hpc-module-2-utilisation-des-modules\/","name":"Trainings 2019 - Admin HPC - module 2 - utilisation des modules - itrop","isPartOf":{"@id":"https:\/\/bioinfo.ird.fr\/#website"},"primaryImageOfPage":{"@id":"https:\/\/bioinfo.ird.fr\/index.php\/trainings-fr\/trainings-2019-admin-hpc-module-2\/trainings-2019-admin-hpc-module-2-utilisation-des-modules\/#primaryimage"},"image":{"@id":"https:\/\/bioinfo.ird.fr\/index.php\/trainings-fr\/trainings-2019-admin-hpc-module-2\/trainings-2019-admin-hpc-module-2-utilisation-des-modules\/#primaryimage"},"thumbnailUrl":"http:\/\/creativecommons.org.nz\/wp-content\/uploads\/2012\/05\/by-nc-sa1.png","datePublished":"2020-11-09T10:54:05+00:00","dateModified":"2022-04-06T12:48:55+00:00","breadcrumb":{"@id":"https:\/\/bioinfo.ird.fr\/index.php\/trainings-fr\/trainings-2019-admin-hpc-module-2\/trainings-2019-admin-hpc-module-2-utilisation-des-modules\/#breadcrumb"},"inLanguage":"fr-FR","potentialAction":[{"@type":"ReadAction","target":["https:\/\/bioinfo.ird.fr\/index.php\/trainings-fr\/trainings-2019-admin-hpc-module-2\/trainings-2019-admin-hpc-module-2-utilisation-des-modules\/"]}]},{"@type":"ImageObject","inLanguage":"fr-FR","@id":"https:\/\/bioinfo.ird.fr\/index.php\/trainings-fr\/trainings-2019-admin-hpc-module-2\/trainings-2019-admin-hpc-module-2-utilisation-des-modules\/#primaryimage","url":"http:\/\/creativecommons.org.nz\/wp-content\/uploads\/2012\/05\/by-nc-sa1.png","contentUrl":"http:\/\/creativecommons.org.nz\/wp-content\/uploads\/2012\/05\/by-nc-sa1.png"},{"@type":"BreadcrumbList","@id":"https:\/\/bioinfo.ird.fr\/index.php\/trainings-fr\/trainings-2019-admin-hpc-module-2\/trainings-2019-admin-hpc-module-2-utilisation-des-modules\/#breadcrumb","itemListElement":[{"@type":"ListItem","position":1,"name":"Accueil","item":"https:\/\/bioinfo.ird.fr\/index.php\/en\/front-page-2\/"},{"@type":"ListItem","position":2,"name":"Trainings &#8211; FR","item":"https:\/\/bioinfo.ird.fr\/index.php\/trainings-fr\/"},{"@type":"ListItem","position":3,"name":"Trainings 2019 &#8211; Admin HPC &#8211; module 2","item":"https:\/\/bioinfo.ird.fr\/index.php\/trainings-fr\/trainings-2019-admin-hpc-module-2\/"},{"@type":"ListItem","position":4,"name":"Trainings 2019 &#8211; Admin HPC &#8211; module 2 &#8211; utilisation des modules"}]},{"@type":"WebSite","@id":"https:\/\/bioinfo.ird.fr\/#website","url":"https:\/\/bioinfo.ird.fr\/","name":"itrop","description":"","publisher":{"@id":"https:\/\/bioinfo.ird.fr\/#organization"},"potentialAction":[{"@type":"SearchAction","target":{"@type":"EntryPoint","urlTemplate":"https:\/\/bioinfo.ird.fr\/?s={search_term_string}"},"query-input":{"@type":"PropertyValueSpecification","valueRequired":true,"valueName":"search_term_string"}}],"inLanguage":"fr-FR"},{"@type":"Organization","@id":"https:\/\/bioinfo.ird.fr\/#organization","name":"i-Trop","url":"https:\/\/bioinfo.ird.fr\/","logo":{"@type":"ImageObject","inLanguage":"fr-FR","@id":"https:\/\/bioinfo.ird.fr\/#\/schema\/logo\/image\/","url":"https:\/\/bioinfo.ird.fr\/wp-content\/uploads\/2021\/10\/i-tropTwt5.png","contentUrl":"https:\/\/bioinfo.ird.fr\/wp-content\/uploads\/2021\/10\/i-tropTwt5.png","width":1356,"height":1356,"caption":"i-Trop"},"image":{"@id":"https:\/\/bioinfo.ird.fr\/#\/schema\/logo\/image\/"},"sameAs":["https:\/\/x.com\/ItropBioinfo"]}]}},"_links":{"self":[{"href":"https:\/\/bioinfo.ird.fr\/index.php\/wp-json\/wp\/v2\/pages\/944","targetHints":{"allow":["GET"]}}],"collection":[{"href":"https:\/\/bioinfo.ird.fr\/index.php\/wp-json\/wp\/v2\/pages"}],"about":[{"href":"https:\/\/bioinfo.ird.fr\/index.php\/wp-json\/wp\/v2\/types\/page"}],"author":[{"embeddable":true,"href":"https:\/\/bioinfo.ird.fr\/index.php\/wp-json\/wp\/v2\/users\/1"}],"replies":[{"embeddable":true,"href":"https:\/\/bioinfo.ird.fr\/index.php\/wp-json\/wp\/v2\/comments?post=944"}],"version-history":[{"count":1,"href":"https:\/\/bioinfo.ird.fr\/index.php\/wp-json\/wp\/v2\/pages\/944\/revisions"}],"predecessor-version":[{"id":945,"href":"https:\/\/bioinfo.ird.fr\/index.php\/wp-json\/wp\/v2\/pages\/944\/revisions\/945"}],"up":[{"embeddable":true,"href":"https:\/\/bioinfo.ird.fr\/index.php\/wp-json\/wp\/v2\/pages\/928"}],"wp:attachment":[{"href":"https:\/\/bioinfo.ird.fr\/index.php\/wp-json\/wp\/v2\/media?parent=944"}],"curies":[{"name":"wp","href":"https:\/\/api.w.org\/{rel}","templated":true}]}}